{"id":25,"date":"2016-09-10T12:00:10","date_gmt":"2016-09-10T12:00:10","guid":{"rendered":"https:\/\/ambiance.vagebond.nl\/wordpress\/ambiance-sushi\/?page_id=25"},"modified":"2020-03-16T21:50:10","modified_gmt":"2020-03-16T20:50:10","slug":"service","status":"publish","type":"page","link":"https:\/\/www.sapores-streetfood.de\/index.php\/service\/","title":{"rendered":"Service"},"content":{"rendered":"[vc_row animation=&#8220;&#8220;][vc_column][vc_column_text]F\u00fcr deine Fragen, W\u00fcnsche und Anregungen ist unser Team offen und ber\u00e4t Dich gerne bei deiner Speisen- und Getr\u00e4nkeauswahl. Durch die offene K\u00fcche kannst Du die Lebendigkeit der heimischen K\u00fcchentradition, sowie unsere Leidenschaft und das Herausarbeiten der Aromen mitverfolgen.\r\n\r\n[\/vc_column_text][vc_custom_heading text=&#8220;Take away&#8220; use_theme_fonts=&#8220;yes&#8220;][vc_column_text]Du willst manchmal lieber im B\u00fcro oder zu Hause essen? Nat\u00fcrlich kannst Du die meisten unserer Speisen auch mitnehmen, jedoch vertragen nicht alle den Transport. Bitte frage unser Servicepersonal.\r\n\r\n[\/vc_column_text][\/vc_column][\/vc_row][vc_row animation=&#8220;&#8220;][vc_column][vc_custom_heading text=&#8220;Lieferung&#8220; use_theme_fonts=&#8220;yes&#8220;][vc_column_text]<p>Ab sofort wird <a href=\"https:\/\/www.lieferando.de\">Lieferando<\/a>\u00a0euch unsere K\u00f6stlichkeiten nach Hause oder auch ins B\u00fcro liefern. Genie\u00dft unser Essen in heimischer Atmosph\u00e4re oder zur Mittagspause! Wir freuen uns auf eure Bestellung!<\/p>\r\n[\/vc_column_text][\/vc_column][\/vc_row][vc_row animation=&#8220;&#8220;][vc_column][vc_custom_heading text=&#8220;Gutscheine&#8220; use_theme_fonts=&#8220;yes&#8220;][vc_column_text]Freudige Anl\u00e4sse zum Schenken gibt es viele. Wenn Du ein leckeres Geschenk f\u00fcr Deine Freunde oder Familie suchst, sind vielleicht unsere Geschenkgutscheine eine gute Idee. So musst Du nichts weiter machen, als den Gutschein bei uns abzuholen und zu verschenken.\r\n\r\n[\/vc_column_text][\/vc_column][\/vc_row][vc_row animation=&#8220;&#8220;][vc_column][vc_custom_heading text=&#8220;Catering&#8220; use_theme_fonts=&#8220;yes&#8220;][vc_column_text]Wir beliefern kleine bis mittlere Veranstaltungen. Bitte sprich uns an, wenn Du deine G\u00e4ste mit vietnamesischen Speisen von Sap\u00f4res &#8211; S\u00e0ig\u00f2n Street Food \u00fcberraschen willst. Am besten per E-Mail (<a href=\"mailto:info@sapores-concept.de\">info@sapores-concept.de<\/a>). Wir rufen dann zur\u00fcck und besprechen mit Dir alle weiteren Details.\r\n\r\n[\/vc_column_text][\/vc_column][\/vc_row]","protected":false},"excerpt":{"rendered":"<p>[vc_row animation=&#8220;&#8220;][vc_column][vc_column_text]F\u00fcr deine Fragen, W\u00fcnsche und Anregungen ist unser Team offen und ber\u00e4t Dich gerne bei deiner Speisen- und Getr\u00e4nkeauswahl. Durch die offene K\u00fcche kannst Du die Lebendigkeit der heimischen K\u00fcchentradition, sowie unsere Leidenschaft und das Herausarbeiten der Aromen mitverfolgen.<\/p>\n<p>[\/vc_column_text][vc_custom_heading text=&#8220;Take away&#8220; use_theme_fonts=&#8220;yes&#8220;][vc_column_text]Du willst manchmal lieber im B\u00fcro oder zu Hause essen? Nat\u00fcrlich kannst Du die meisten unserer Speisen auch mitnehmen, jedoch vertragen nicht alle den Transport. Bitte frage unser Servicepersonal.<\/p>\n<p>[\/vc_column_text][\/vc_column][\/vc_row][vc_row animation=&#8220;&#8220;][vc_column][vc_custom_heading text=&#8220;Lieferung&#8220; use_theme_fonts=&#8220;yes&#8220;][vc_column_text]<\/p>\n<p>Ab sofort wird <a href=\"https:\/\/www.lieferando.de\">Lieferando<\/a>\u00a0euch unsere K\u00f6stlichkeiten nach Hause oder auch ins B\u00fcro liefern.<\/p>\n<div class=\"more-holder\"><a class=\"more-link\" href=\"https:\/\/www.sapores-streetfood.de\/index.php\/service\/\">Read more<\/a><\/div>\n","protected":false},"author":1,"featured_media":0,"parent":0,"menu_order":0,"comment_status":"closed","ping_status":"closed","template":"","meta":{"footnotes":""},"class_list":["post-25","page","type-page","status-publish","hentry"],"_links":{"self":[{"href":"https:\/\/www.sapores-streetfood.de\/index.php\/wp-json\/wp\/v2\/pages\/25","targetHints":{"allow":["GET"]}}],"collection":[{"href":"https:\/\/www.sapores-streetfood.de\/index.php\/wp-json\/wp\/v2\/pages"}],"about":[{"href":"https:\/\/www.sapores-streetfood.de\/index.php\/wp-json\/wp\/v2\/types\/page"}],"author":[{"embeddable":true,"href":"https:\/\/www.sapores-streetfood.de\/index.php\/wp-json\/wp\/v2\/users\/1"}],"replies":[{"embeddable":true,"href":"https:\/\/www.sapores-streetfood.de\/index.php\/wp-json\/wp\/v2\/comments?post=25"}],"version-history":[{"count":23,"href":"https:\/\/www.sapores-streetfood.de\/index.php\/wp-json\/wp\/v2\/pages\/25\/revisions"}],"predecessor-version":[{"id":496,"href":"https:\/\/www.sapores-streetfood.de\/index.php\/wp-json\/wp\/v2\/pages\/25\/revisions\/496"}],"wp:attachment":[{"href":"https:\/\/www.sapores-streetfood.de\/index.php\/wp-json\/wp\/v2\/media?parent=25"}],"curies":[{"name":"wp","href":"https:\/\/api.w.org\/{rel}","templated":true}]}}